 120. Let d be r(6). Is -3 + (-6)/(d/105388) + -5 a composite number?
False
Suppose k - 5*r - 142573 = 122471, 1325360 = 5*k - 5*r. Is k a composite number?
False
Let k be 4/(-10) - (-256)/40. Let u(l) = -27*l + 43. Let n(f) = -14*f + 21. Let y(g) = -9*n(g) + 4*u(g). Is y(k) a prime number?
False
Let l be (2*(-2)/(-4))/(41/(-4551)). Is 29/(-5 + (-558)/l) a prime number?
False
Suppose -612*m - 8124310 = -622*m. Is m a composite number?
False
Let v(i) = 3929*i**3 + 8*i**2 - 3*i - 7. Let o be v(3). Suppose 0 = -11*u + 39446 + o. Is u composite?
True
Let g = -59506 + 143232. Is g a prime number?
False
Let x(t) = 10*t**3 - 68*t**2 + 44*t - 117. Is x(20) composite?
True
Suppose -5*g + 21 = -2*x - 4, -5*x = -2*g + 31. Suppose -g*r + 5585 = -m, 2*m + 0*m = -4*r + 7450. Let s = r + -1011. Is s prime?
False
Let u be ((-325)/(-52))/25 + 326638/8. Suppose h - 7*h + u = 0. Is h prime?
False
Let q(p) = -p**3 - 19*p**2 + 22*p + 34. Let w be q(-20). Let l be (-706 + -2)*w/8. Suppose 0 = 9*z - l - 6156. Is z composite?
False
Is 117649 + 11/(44/40) prime?
True
Let m(p) = -641*p**3 + p + 1. Suppose 0 = 12*x - 14*x + 124. Let c = -63 + x. Is m(c) prime?
True
Let i(d) = -d**2 - 10*d - 12. Let j be i(-7). Suppose -6 - 12 = j*o. Is ((-13)/26)/(o/3236) prime?
True
Suppose -7*f = -25 - 136. Suppose -f*s - 6963 = -26*s. Is s prime?
False
Suppose 13*t = 8*t - 13720. Let j = t - -3966. Suppose 0 = 4*l - 438 - j. Is l composite?
True
Let o be (-5)/(-50) + 916/40. Let a(g) = 10*g**2 + 66*g - 5. Is a(o) a composite number?
False
Suppose 189067 + 141276 = x + 2*k, -3*x = -5*k - 990952. Is x a composite number?
False
Let y = -4748 + 71415. Is y a composite number?
True
Let j = -883 - -1391. Suppose j + 102 = 5*k. Let q = k - -685. Is q a prime number?
False
Is (11/1 + -1)*25180450/250 a composite number?
True
Suppose 96470 = -30*u + 1516880. Is u prime?
False
Let i = 15 + 18. Is (-3)/i + 556006/121 a composite number?
True
Suppose 52731 - 78322 - 1404911 = -6*x. Is x composite?
False
Suppose -2*r + 12 = -12. Suppose -6 = r*y - 10*y. Is -4 + 1 + 147 + y prime?
False
Let t = -245436 + 922295. Is t composite?
False
Suppose -13*s - 155738 + 1528681 = 0. Is s prime?
False
Let c(t) = -3*t - 11. Suppose 0 = -3*f + 4 + 35. Let h be c(f). Let m = 549 + h. Is m prime?
True
Suppose -17*b + b = 100*b - 2324524. Is b a prime number?
False
Is (-4)/(-2 - (-8849610)/4424835) prime?
True
Let j be -2537 + (10 - (-6)/(-2)). Let w = j - -8387. Is w composite?
False
Is 30400 - (7 - 6) - (8 + -8) prime?
False
Let d(h) = 7076*h - 89. Suppose -50*b = -35*b - 75. Is d(b) a prime number?
True
Let d(p) = -p**3 - 11*p**2 + 10*p - 14. Let l be d(-12). Let z(x) = 963*x + 38. Let v be z(l). Suppose -2*a - 2*a = -v. Is a composite?
False
Let n(d) = -7*d + 56. Let b be n(8). Suppose 3*w + 1131 = 5*h - 499, -h - 4*w + 326 = b. Is h prime?
False
Let q(z) = z**2 + 14*z - 17. Let i be q(-15). Let j be (1*i)/((-4)/4910). Suppose -7*b + 12*b = j. Is b prime?
True
Suppose -25*p = -13*p - 48. Is ((-15)/10 - (-22)/p) + 3337 a composite number?
True
Suppose 5*y + 2*q + 87 = 235, -3*q - 123 = -4*y. Suppose 5*c = y*c - 382475. Is c a prime number?
True
Suppose 22*l - 18*l + 2*x - 75796 = 0, -4*l = x - 75792. Is l a composite number?
False
Let u be (-3 - (-21)/6)*-190. Let s be (-1 + -5)*(u - 2). Suppose s = 6*b - 1248. Is b a composite number?
True
Let a = -41024 - -60906. Is a prime?
False
Let d be 36231/9 - 2/(-6). Suppose 63*y + 57 = 3*i + 60*y, 4*i = y + 70. Suppose i*h = d - 847. Is h a prime number?
False
Is (-2894400)/(-32) - (6 + -1) a composite number?
True
Let t(y) = 173*y - 13. Let f be t(9). Suppose -4197 = -7*s - f. Suppose -2*g + 10 = 0, -d + 5*g + 115 + s = 0. Is d prime?
False
Let q = -32 + 37. Suppose q*f = -14 + 54. Is f + -9 - (-2854 - 2) a composite number?
True
Let i(d) = 4*d**3 - 3*d**2 + 11. Let c be i(-5). Is ((-4)/((-8)/53))/((-6)/c) a composite number?
True
Let k(q) = -q - 16. Let x be k(-21). Let w(d) = -d**3 - 2*d + 1784. Let a be w(0). Suppose -3*c - x*c = -a. Is c a prime number?
True
Suppose 10 = 3*m + 5*g, 17 = 2*m + m - 2*g. Suppose 4*f - 6 - 35 = m*o, -4*f = 5*o + 49. Is 1893/(o/(-3)) + 4 a composite number?
True
Suppose 18 = -m - 5*j + j, 2*j = -3*m - 4. Suppose -5*w + m*f + 87835 = 0, 9*w = 7*w + 3*f + 35123. Is w prime?
True
Let n = 377614 + -187265. Is n a composite number?
True
Let p(n) = -122*n**2 - 4*n - 5. Let z be p(5). Let r be z/(-10) + 3/(-6). Suppose 13*l + r = 14*l. Is l a composite number?
False
Is 17/(-510)*-20*6/4 - -149598 prime?
False
Let r(g) = -g**2 - 6*g + 3. Let y be r(-6). Suppose -4*c = -10 + 30, -3*c - y = 2*n. Let a(w) = -w**3 + 9*w**2 - w - 5. Is a(n) a composite number?
False
Suppose 0 = 5*b - t - 231422, 0 = -83*b + 88*b + 3*t - 231434. Is b a composite number?
True
Let s = -193273 - -346404. Is s a prime number?
False
Let w = -253 - -540. Suppose -282*x + w*x - 2505 = 0. Is x a prime number?
False
Suppose -28*i + 56*i + 52*i = 11460080. Is i prime?
False
Let w be 580/24 + 6/(-36). Let x(q) be the first derivative of 49*q**2/2 + 65*q - 66. Is x(w) prime?
False
Is -3*(-12)/162 - (-204256)/36 prime?
False
Suppose -s = 4*r + 16, -s + 3*r + 8 + 11 = 0. Is (-124709)/(-247) - s/(-38) a prime number?
False
Let n be (4/(-1))/(12/(-60)). Suppose 0 = -n*t + 229 + 6351. Is t prime?
False
Suppose 54*a + 5 = 49*a. Is 3 - (-632 - -3) - a composite?
True
Suppose 601194 - 2167004 = -62*i. Is i a composite number?
True
Let o be (-2)/5 + 17/(425/141660). Suppose -5*q = 0, 5*n + o = 7*n + 4*q. Is n a composite number?
False
Suppose -8*i + 12*i = -24. Let j(m) = m**3 + 5*m**2 - 7*m - 2. Let n be j(i). Is 1002/n - (-3)/6 a prime number?
True
Let f(a) = 193*a + 200. Let v be f(-1). Let j(k) = k**3 + 2*k**2 + 3*k**2 + 0 + 8*k - 13. Is j(v) prime?
True
Let g be -4 + ((-31194)/(-11) - 28/(-154)). Let o = 1537 - g. Let a = o + 2836. Is a a composite number?
True
Let w = 34061 - -47293. Let i = 137303 - w. Is i a prime number?
True
Let l be (-188)/(-36) + (-4)/18. Suppose l*d - h + 24730 = 0, d + 5*h = 5*d + 19763. Is (-2)/(-1) - d/17 composite?
False
Let v = 394140 + -230705. Is v composite?
True
Let k be 63 + (1 - (1 + 3)). Suppose 7*t - k = -8*t. Suppose 2*b + 134 = t*b. Is b a composite number?
False
Let d(o) = -2*o + 10*o - 4*o**2 + 3 + 2*o**2 + 21*o. Let r be d(15). Is 12249/r*8/(-6) composite?
False
Is 3/6*3090268*((-22)/4)/(-11) a composite number?
False
Let b = -25195 + 65922. Is b prime?
False
Suppose 0 = -4*w + 5*q + 768459, -4*q - 1165671 + 397207 = -4*w. Is w a composite number?
False
Let l(i) = 8*i**2 - 6*i + 5. Let c(r) = r**3 - 12*r**2 + 9*r + 32. Let t be c(11). Let j be l(t). Is j - ((-3)/(-4) + 5/4) a composite number?
False
Is (-7)/2 + ((-203533)/(-22) - -11) prime?
False
Let o = -384587 + 587760. Is o a prime number?
True
Let x = 328 - 324. Suppose -1402 = -x*k - 686. Is k composite?
False
Let u(t) = 108*t - 29. Let i(k) = 217*k - 57. Let n(b) = -6*i(b) + 13*u(b). Is n(18) composite?
False
Let x(s) = -6*s + 146. Let g be x(24). Is g + -3747*-2*1/2 a composite number?
True
Suppose 97*s - 102*s + 7000 = 0. Let r = 200 - s. Let c = r + 2077. Is c a composite number?
False
Is (-1)/(-9 + 10)*(12 + -680795) prime?
True
Let w be (31 + -34)/(1 + (-14)/8). Suppose 3*m - 36449 = -w*m. Is m a prime number?
False
Suppose 4 = -4*b + 3*v - 29, 3*b + 26 = 2*v. Let o(j) be the first derivative of -21*j**2/2 + 11*j + 246. Is o(b) a composite number?
False
Let f be 1048 + (-1)/(4/16). Suppose 3*c + f - 3345 = 0. Is c a composite number?
True
Suppose -7*r + 5 = -4*r + m, -5 = 5*r - m. Suppose -3*i + r*o + 2*o = -12471, -5*i - 2*o = -20801. Is i a composite number?
False
Let z = -337154 + 602857. Is z a composite number?
False
Suppose 25*i - 907121 = 527054. Is i prime?
True
Let o(c) = -c - 1. Let u(k) = 7*k + 21. Let i(y) = -2*o(y) - u(y). Let x be i(-5). Is (-1181)/(-3) - (-8)/x a composite number?
True
Suppose -3*t = -6, 2*x - 44 = 5*x - 4*t. Let c be ((-3)/(-12))/((-1)/x). Suppose 3*n = -c*f - f + 11221, -5643 = -2*f + 5*n. Is f a prime number?
False
Let c = 21 - -3. Suppose 128330 + 106942 = c*y. Is y a composite number?
False
Suppose 45*k - 3*k - 588 = 0. Suppose -19023 = k*g - 215233. Is g prime?
False
Suppose 0 = -2*q + 3*q + 4. Let n(h) = -2*h**2 + 76*h - 325. Let r be